. What is the tens digit of w?
4
What is the units digit of (-7)/28 - 4274/(-8)?
4
Let h = -76 + 395. What is the tens digit of h?
1
Suppose 0 = -5*v + 9*v - 1016. Suppose 6*j - v = 604. What is the units digit of j?
3
Let a(i) = 0*i**3 + 11 - i - 4*i**2 - 3*i**2 - 2 + i**3. Let d be a(7). Suppose -3*x - x - 4*v = -40, -15 = -5*x + d*v. What is the units digit of x?
5
Let r be (-122)/(-15) + (-20)/150. Let v be (-598)/8 - 2/r. Let d = v - -124. What is the tens digit of d?
4
Let k(p) = -12*p**3 + p**2 - 2*p - 1. What is the thousands digit of k(-5)?
1
Suppose 19*b = 15*b - 12. What is the units digit of 3/(147/11200) - b/7?
9
Let x = -196 + 213. What is the units digit of x?
7
Let v(d) = -131*d - 24. What is the hundreds digit of v(-3)?
3
Let z(o) = -o**3 - 3*o**2 + 22*o + 11. Let f(c) = -c**3 - 9*c**2 + 12*c + 13. Let v be f(-10). What is the tens digit of z(v)?
5
Let z be (-6)/(-27) - 610/(-9). Suppose -5*y + y = -z. Let l = y - 8. What is the units digit of l?
9
Let w = 39 + -37. Suppose 3*j = -w*j + 290. What is the tens digit of j?
5
Suppose 0 = g + h - 1420, 2855 = 2*g - 2*h + h. What is the hundreds digit of g?
4
Suppose -5*z + 5*l = -73 - 52, 4*l = z - 28. Let r(p) = 3*p + 5. Let d be r(-5). Let s = d + z. What is the tens digit of s?
1
Suppose -3*g - 784 = -11*g. Suppose 4*r = g + 682. What is the units digit of r?
5
Let s = 4666 - 2630. What is the tens digit of s?
3
Let q = 2152 - -3224. What is the hundreds digit of q?
3
Let n(p) = 173*p**3 - 10*p + 34. What is the units digit of n(3)?
5
Let u(d) = -d**2. Let p(k) = 3*k**2 - 8*k + 10. Let r(g) = -p(g) - 4*u(g). Let w be r(-10). Suppose w*y = 4*y + 174. What is the tens digit of y?
2
Let s = 89 - -71. What is the units digit of s?
0
Let d(t) = -15*t + 808. What is the tens digit of d(43)?
6
Let d be 4/22 - 986/(-22). Let l = d - -89. Suppose -y = -3*m + 128, 3*m + 4*y - l = -y. What is the units digit of m?
3
Let t be (-10140)/100 - 3/5. What is the tens digit of (7 - 10) + t/(-1)?
9
Let n be 507/15 + (-6)/(-30). Suppose 0*d - r = 2*d - n, 0 = -d + 2*r + 27. What is the tens digit of d?
1
Let f(j) be the second derivative of j**4/12 - 2*j**3 + 19*j**2/2 + 4*j. What is the tens digit of f(15)?
6
Suppose 17*w = 8*w + 9351. What is the thousands digit of w?
1
Suppose -b + 274 - 71 = 0. What is the units digit of b?
3
Let q(u) = -u**2 - u - 1. Let j(k) = 49*k**2 - 7*k - 7. Let x(b) = j(b) - 4*q(b). What is the hundreds digit of x(-2)?
2
Let n(w) = 103*w**2 + 18*w + 35. What is the units digit of n(-2)?
1
Suppose 4*g - 3*w + 1 + 6 = 0, -4*w = -2*g + 4. What is the tens digit of g - -4 - (-46)/2?
2
Suppose o - 23 = 4*o - 5*u, -2*o + 2*u = 10. Let m(v) = -75*v**3 - 2*v**2 + 1. What is the units digit of m(o)?
4
Let k be (10/40)/((-1)/(-316)). Suppose 5*o - 2*o - 342 = 0. Let j = o - k. What is the units digit of j?
5
Suppose -36 = -5*i + 2*j + 42, -i + 11 = -5*j. Suppose -50 = -i*z + 15*z. What is the units digit of z?
0
Suppose 4*n = 3*w - 7, 3*n = 4*n + 1. Let s be (-12)/(-3 - -3 - w). Suppose 3*k = k + s. What is the units digit of k?
6
Let v(g) = 5*g - 1. Let b be v(-1). Let h be (-4)/6 + (-34)/b. Suppose -32 = s - h*s. What is the units digit of s?
8
Let u(t) = t**2 + 18*t + 14. Let m be u(-11). Let w = -28 - m. What is the units digit of w?
5
Suppose 7*j = j + 18. Suppose -j*n + 0*n = -3*o - 132, -3*n = -o - 136. What is the units digit of n?
6
Suppose -14*j = -17283 - 11991. Suppose -14*x = -23 - j. What is the hundreds digit of x?
1
Let k be ((-98)/(4/2) - -2) + 2. What is the tens digit of (-2)/6 + (-7935)/k?
7
Suppose -4*q + y + 11 = 0, 14 + 1 = 5*q - y. Suppose -t - q*t = -15. Suppose -45 = -t*w + 3*c, w = 5*c - 0 + 3. What is the tens digit of w?
1
Let s be (-7)/(105/6)*-5. Suppose s*t + 4*r - 11 = 5, 5*t = 4*r + 26. Suppose -5*q - 24 = -t*q. What is the tens digit of q?
2
Let m = 34 + -59. Let l = 58 + m. What is the units digit of l?
3
Suppose s - 2*s + 2*s = 0. Suppose s = 2*o - 438 + 114. What is the units digit of o?
2
Suppose 10*l - 20*l = -4490. What is the tens digit of l?
4
Let k be 4 + 9 - 0/(-2). Let s = k + -9. Suppose -5*o - 3*x + 2 = x, s*o = 3*x + 14. What is the units digit of o?
2
Suppose -k - 4*k = -4*n - 45, 2*n = -2*k. Suppose k*p - 421 = -4*o - 0*o, -10 = -2*p. What is the tens digit of o?
9
Suppose -4*p + 8 = x, 3*x + 7*p = 3*p + 16. What is the tens digit of -5 - (-207 + (5 - x))?
0
Let z = 1620 + -1055. Suppose -3*f + z = 2*f. What is the tens digit of f?
1
Suppose -5*m + 1413 = 4*t, 23*t - 24*t - m = -353. What is the units digit of t?
2
Suppose -7*f = -f - 24. Suppose f*x - 48 = -0. What is the units digit of x?
2
What is the hundreds digit of (-1*2 - -1) + (506 - 2)?
5
Suppose 2*p - 286 = 6*s - 2*s, 4*p + s = 599. What is the tens digit of p?
4
Let x be (56 + -15)*(1 - (-2)/1). Suppose -y = -2*y + x. What is the tens digit of y?
2
Let g = 7 + -12. Let u(r) = r**3 + 6*r**2 + 3*r - 7. Let d be u(g). Suppose -5*h = -d*h - 38. What is the tens digit of h?
1
Suppose 2*n = -4*i + 76, 0 = 2*n - 0*i - 3*i - 97. Let m = n + -16. What is the units digit of m?
8
Suppose 3*b + 4*y = 35, -b - 4*y = -5*b. Suppose b*q = 3*q - 8. What is the units digit of (28/6 + q)*3?
2
What is the thousands digit of ((-22412)/(-16))/(20/80)?
5
Suppose -45*k - 7410 = -48*k. What is the hundreds digit of k?
4
Suppose 6 - 13 = -7*i. What is the units digit of (-2 + i)*(0 - 13)?
3
Let f(o) = 1 + o**2 + 5 - 1 - 3*o. Let x be f(-13). Suppose 4*t = -t - 3*z + 379, 3*t - 3*z = x. What is the units digit of t?
4
Suppose -3*t = 5*y + 2*t - 50, 0 = -3*y + 4*t + 58. Let f = -10 + y. What is the tens digit of ((-14)/3)/(f/(-18))?
2
Let m = 2417 + -574. What is the hundreds digit of m?
8
Suppose -i + 2 - 1 = 2*h, 2*i + 2*h = 4. Suppose -5*g + 146 = 4*u, 3*u - 64 = i*g + 59. Let f = 56 - u. What is the units digit of f?
7
Let t(y) = y**2 + 7*y - 10. Let r = -17 + 24. What is the tens digit of t(r)?
8
Suppose 0*f = f - 8. What is the units digit of (3 - -55 - 4)*4/f?
7
Suppose 3650 = -39*k + 50411. What is the hundreds digit of k?
1
Suppose -6*z - 4341 = -7*z + 3*h, -17449 = -4*z - 5*h. What is the tens digit of z?
5
What is the tens digit of 5112 - ((-24)/(-4) + 0)?
0
Suppose -n + 1139 = 3*n + 5*h, 2*h + 574 = 2*n. What is the hundreds digit of n?
2
What is the units digit of ((-3)/2)/(2*5/(-3480))?
2
Let l(g) = 7*g**2 - 25*g + 112. What is the hundreds digit of l(8)?
3
Let p(s) = 229*s**2 + 14*s - 31. Let g be p(3). Suppose 0 = 3*d + 4*d - g. What is the tens digit of d?
9
Let b(g) = g**2 + 9*g + 5. Let m be b(-8). Let v = 6 - m. Suppose -2*s + v = 3. What is the units digit of s?
3
Let d = -94 + 100. Let i(t) = t**3 + 4*t**2 - 21*t + 14. What is the hundreds digit of i(d)?
2
Let k(z) = 41*z - 41. What is the units digit of k(9)?
8
Suppose 4 = 3*i - 2. Let x(a) = 3 - 4*a - 21*a**2 + 12*a**2 + 6*a**2 + 14*a**2. What is the units digit of x(i)?
9
Let d(p) = 6*p**2 - 53*p - 5. What is the hundreds digit of d(-7)?
6
Suppose -2*t - 2015 = -4*k - 7*t, -5*t = 2*k - 1015. What is the units digit of k?
0
Suppose -3*o - 2*o + 80 = 2*x, 0 = 4*x + 3*o - 174. Let r = 0 - 0. Suppose r = -i - 2*s + 17, -4*i - 2 = 3*s - x. What is the units digit of i?
7
Let s = -12 + 40. Let f = s + -28. Suppose f = 7*r - 12*r + 170. What is the units digit of r?
4
Suppose -241*k = -242*k - 3. Let i(p) = 33*p**2 + 9*p + 1. What is the units digit of i(k)?
1
Suppose -673 - 143 = -16*t. What is the tens digit of t?
5
Let g(n) = 3*n + 45. Let x = -64 - -64. What is the units digit of g(x)?
5
Let d be 12/48 + (-30)/(-8). Let n be 8 - (d + (-16)/4). Suppose -n*p = -7*p - 60. What is the units digit of p?
0
Let g be (-2)/(2 + -4)*1*0. Suppose g = 35*u - 39*u + 800. What is the units digit of u?
0
Suppose 2*s + 10 = -22. Let r = s + 11. What is the tens digit of 4/r*105/(-6)?
1
Suppose 3*l + 123 = 354. Suppose -4*b + t = -3*b - l, b - 4*t - 71 = 0. Let a = b - 56. What is the units digit of a?
3
Let h be 14/2*(-16)/(-56). Suppose 192 + 388 = 5*t. Suppose 4*o - t = -2*u, -151 = -h*u + o + 2*o. What is the tens digit of u?
6
Let c be (1 + 53 + 1)*1. Let o be 11/c - (-4)/5. Suppose 0 = 3*y - 35 - o. What is the tens digit of y?
1
Suppose -3*l = -3*c - 456 - 297, -3*l + 753 = 3*c. What is the hundreds digit of l?
2
Let p(t) = 5*t +